)/((-6)/14))/(x/(-2)). What is the highest common factor of b and 21?
7
Let v(p) = p - 4. Let x be v(10). Let a(j) = j**3 + 11*j**2 + 2*j - 10. Let s be a(-11). Let o = s + 38. Calculate the greatest common factor of x and o.
6
Suppose -2*f = -t - 17, -f - t = t - 21. Let y(i) = -i - 3 + f - 2*i - 5*i. Let v be y(-4). Calculate the greatest common factor of v and 100.
20
Let i = -1637 - -949. Let y be (-2)/9 + -2 + i/(-18). What is the highest common factor of y and 24?
12
Let j = 372 - 243. Let r = 261 - j. What is the highest common factor of r and 88?
44
Suppose 386*r = 370*r + 416. Calculate the highest common factor of 611 and r.
13
Let r(s) = 5*s**2 - 7*s + 4. Let c be r(2). What is the highest common divisor of c and 10?
10
Let x = -423 + 605. What is the greatest common factor of x and 52?
26
Suppose 4*r = -4*s + 248, 0 = 3*s + 4*r - 179 - 5. What is the greatest common factor of s and 128?
64
Suppose -8*v + 436 - 4 = 0. What is the greatest common divisor of 66 and v?
6
Let s(t) = -5*t - 1. Let h be s(-1). Suppose y = 2*f - y - 32, -4 = h*y. What is the highest common divisor of 6 and f?
3
Let d = 73 + -23. What is the highest common factor of 250 and d?
50
Suppose 7*g = -71 + 218. Calculate the highest common factor of g and 63.
21
Suppose 0 = h + i - 2*i + 13, 3*i = 3. Let s = h - -18. Suppose 83*x = 85*x - 108. What is the highest common factor of s and x?
6
Let z = 634 + -169. What is the greatest common divisor of z and 15?
15
Let n = 286 + -274. Let r = 3 + 0. Let y be r/(24/2)*n. Calculate the highest common divisor of y and 9.
3
Suppose -2*u + 12 = -10. Let p(w) = 3*w - 12. Let t be p(u). What is the greatest common factor of t and 84?
21
Suppose 3*d + 231 - 345 = 0. What is the greatest common divisor of d and 418?
38
Let w be 4 - 1*(3 + -2). Let g be (-2 + 3)*(4 + w). Let m(z) = 21*z - 3. Let p be m(g). Calculate the greatest common factor of p and 18.
18
Suppose 4*a - 86 - 34 = 0. Let c = a - -7. What is the highest common divisor of c and 74?
37
Let g be ((-28)/(-12) - 1)*273. Suppose g = -v + 5*v. Suppose -65 = 12*a - 17*a. Calculate the greatest common divisor of v and a.
13
Suppose w + 3*s = 11 + 6, 0 = 2*s. Suppose 0 = -4*h + 7 + 1, -5*q = -4*h - w. Let l be q*5 + 3 + -7. What is the highest common factor of 21 and l?
21
Suppose -4*t + 7*t - 33 = 0. Suppose 2*s = 3*g + t, 2*g - 42 = -3*s - 2*g. Let i be 1174/s - 8/20. Calculate the highest common divisor of i and 13.
13
Suppose 77*b - 73*b = 12. Let o be b/15 + 327/15. Calculate the greatest common factor of o and 22.
22
Let m(y) = 2*y**2 - y - 4. Let t be m(2). Suppose 268 - 76 = t*j. Calculate the greatest common factor of 12 and j.
12
Let i = 0 + 3. Suppose i*k = 9*k - 354. Let q = k - 39. What is the greatest common factor of q and 20?
20
Suppose 1386*f - 1370*f - 10880 = 0. Calculate the highest common divisor of f and 160.
40
Let s = 52 - 50. Let i be 2/(-4) + 150/12. Suppose m - 11 = s*o, 15 = 5*m - 3*o - i. What is the highest common factor of m and 3?
3
Suppose 10*j - 3872 - 1788 = 0. Suppose 2242 = 9*w - j. What is the greatest common divisor of 39 and w?
39
Suppose -4*m + 0 = 2*q - 12, m - 2*q = 8. Let j be m*((-65)/(-10) + 1). Suppose 2*x - 267 = 273. Calculate the greatest common factor of j and x.
30
Suppose -25 = 5*p, -3*l + p = -4714 + 1157. Calculate the greatest common divisor of l and 32.
32
Let n(w) = w**3 + 7*w**2 + 2*w - 6. Let a be n(-6). What is the highest common factor of 126 and a?
18
Let f be (-47)/(-45) - (2668/1305)/46. Let p be 2/(4/2)*1. Calculate the highest common divisor of f and p.
1
Suppose -114 = -2*k + 590. Calculate the greatest common divisor of k and 22.
22
Let h(n) = 12*n**2 + 9*n**2 - 8*n + 6 - 19*n**2. Let r be h(7). Calculate the greatest common factor of r and 3.
3
Let h(s) = -s**2 + 3*s - 1. Let n be h(1). What is the greatest common divisor of n and 41?
1
Let g be 5/(20/32)*2. Suppose -19*a + g*a + 15 = 0. Calculate the highest common factor of a and 5.
5
Let h(v) = 285*v + 323. Let g(t) = 38*t + 43. Let n(s) = 38*g(s) - 5*h(s). Let f be n(8). Suppose 2*i - i = 19. What is the highest common divisor of f and i?
19
Let l(h) = 7*h**2 + 9*h - 46. Let y be l(4). Calculate the greatest common factor of y and 68.
34
Suppose -4*g + 59 = 3*m, -g = -2*g - 5*m + 36. Suppose 2*l - 76 = 5*u - 15, l + 4*u = g. What is the greatest common factor of 46 and l?
23
Let r = 52 + -34. Let y = 20 - 19. Let u be ((-81)/(-6))/(9/6 - y). Calculate the highest common divisor of u and r.
9
Suppose 0 = -2*l + 72 - 10. Let f = l + -15. Calculate the greatest common factor of 208 and f.
16
Suppose -2*y = l - 174, 0 = -0*l - l + 5*y + 181. Suppose -30 = -5*p + 95. Let w = p + -9. Calculate the highest common factor of l and w.
16
Let g(f) = f + 2. Let i be g(3). Suppose -3*p = 7*t - 2*t - 8, i*p - 6 = -t. Suppose -4*y = -51 - t. Calculate the greatest common factor of y and 65.
13
Suppose 4*w + w = -4*h - 230, 3*w + 5*h + 125 = 0. Let r = -49 - w. What is the highest common divisor of r and 5?
1
Let k = 1550 + -1532. Calculate the greatest common divisor of k and 1557.
9
Let l(x) = -13*x**2 - 14*x - 29. Let a(t) = 3*t**2 + 3*t + 7. Let d(s) = 9*a(s) + 2*l(s). Let p be d(0). Calculate the highest common factor of 15 and p.
5
Suppose 3*k = 2*n + 702, -k + 3*n + 234 = 2*n. Let t be (-9696)/72 + (-1)/3. Let h = k + t. Calculate the highest common factor of h and 11.
11
Let c(x) = 13*x + 144. Let q be c(0). What is the greatest common factor of 6 and q?
6
Let z be 432/7 - 10/(-35). Suppose -212*n = -213*n + z. Calculate the greatest common factor of 93 and n.
31
Suppose 0 = 5*a - 3*z - 96 - 299, 2*a - z = 158. What is the highest common factor of 1264 and a?
79
Let v = -168 + 21. Let c = v - -249. Calculate the greatest common factor of 17 and c.
17
Suppose 31*h - 6*h - 100 = 0. What is the highest common divisor of h and 16?
4
Let q = 29 - -136. Suppose 3*l = -2*l + q. What is the greatest common divisor of l and 22?
11
Let n(h) be the second derivative of h**4/12 - 3*h**3/2 + 11*h**2/2 - 12*h. Let u be n(9). Calculate the highest common divisor of 44 and u.
11
Suppose 4693*s - 56 = 4686*s. Suppose 4 - 196 = -3*u. Calculate the highest common factor of s and u.
8
Let p(f) = 2*f - 6. Let d be p(4). Suppose -20 = -d*m - 4. Calculate the highest common factor of m and 16.
8
Let r be 27/(-2 - (-43)/20). What is the greatest common factor of 20 and r?
20
Let a be 24 - ((-3)/15 + 42/10). What is the greatest common divisor of 95 and a?
5
Let f be (-1)/(3/18*-1). Let a(y) = -16 - 3*y**2 + f*y + 4*y**2 + 8 - 3. Let t be a(-9). Calculate the greatest common divisor of 4 and t.
4
Let j(w) = w**2 + 8*w + 11. Let s(d) = 3*d**2 + 16*d + 21. Let m(q) = -5*j(q) + 2*s(q). Let t be m(13). What is the greatest common divisor of t and 13?
13
Let c = 18 + 18. Suppose -6 - c = -2*p. What is the greatest common divisor of 21 and p?
21
Let f be ((-36)/15)/((-3)/10). Let c be -4 - (2 - 1 - 3). Let z be c - -4 - 210/(-3). What is the highest common divisor of f and z?
8
Suppose -139*d = -132*d - 5194. Calculate the greatest common divisor of 53 and d.
53
Suppose 2*o = 5*o. Suppose z - 3*z = o. Suppose 3*d - 36 = -z*d. Calculate the greatest common factor of d and 24.
12
Suppose -5*b - 4*y + 3395 = 0, -5*b + 0*y = -y - 3395. Calculate the greatest common divisor of b and 194.
97
Suppose 7 = 3*w + 1. Let f be 79/w + (-6)/(-12). Suppose 20 = 41*b - 39*b. What is the greatest common divisor of f and b?
10
Let d be (-10 + 1)/(-3) + (-7 - -42). What is the greatest common divisor of 456 and d?
38
Let d = 9 + -12. Let c be (4/16)/(d/(-36)). Suppose 0 = 2*g + c*g + 2*t - 72, -t = 2*g - 28. What is the greatest common divisor of g and 4?
4
Suppose d = 5*v - 0*v + 3, 5*d - 15 = 5*v. Suppose -d*y = -0*y + 9, -5*y = 2*t - 145. Let l = 13 - 5. What is the greatest common divisor of l and t?
8
Suppose -2*v + 147 = -93. Suppose -4*k - 2*k + v = 0. Calculate the highest common divisor of 180 and k.
20
Let b = 19 - 9. Let q(f) = 0 - 2 + 7*f - b*f + 5*f**2. Let k be q(-2). What is the greatest common divisor of 264 and k?
24
Let c be ((34/3)/2)/((-314)/(-206298)). Calculate the highest common divisor of c and 51.
51
Suppose -6*r + 18 = -24. Let w be (-1 + r/(-2))*-12. Calculate the greatest 